*k - 4*j + 27. Let g(r) be the third derivative of r**5/60 - r**4/12 + r**3/6 - r**2. What is g(k)?
4
Let h(j) = 7*j**2 - 26*j - 333. Let r be h(9). Let f(t) = -t**3 + 2*t**2 + 6*t - 2. Give f(r).
-2
Let i(v) be the third derivative of 11*v**2 + 1/20*v**5 - 1/720*v**6 + 0*v + 0*v**3 - 7/4*v**4 + 0. Let n(w) be the second derivative of i(w). Calculate n(-5).
11
Let h(s) = -83 - 18*s - 9*s + 28*s - 4*s. Give h(-22).
-17
Let h(x) = 7*x**3 - 5*x**2 - x. Let c(i) be the second derivative of -i**5/20 - i**4/12 + 96*i. Let p(n) = -6*c(n) + h(n). Give p(1).
13
Let c(t) = t**2 - 6*t + 6. Let v be (-2*3/2)/((-42)/56). Let a(m) = -v*m - 107 + 53 + 3*m + 58. Let y be a(-2). Calculate c(y).
6
Let w(f) = -9 - f**2 - 42*f - 13*f + 47*f. Let c = -418 - -409. Calculate w(c).
-18
Let f(w) be the first derivative of -w**2 + 1/24*w**4 + 0*w - 1/10*w**5 + 23 + 0*w**3. Let l(r) be the second derivative of f(r). Give l(-1).
-7
Suppose 4*f + 1 = 21. Let k = -11 + 14. Suppose -f*y = -2*i, 1 = i - k*y - 0. Let o(d) = d**3 + 6*d**2 + d. Determine o(i).
20
Let l(x) = 15*x - 2. Let j(w) = 23*w - 6. Let f(s) = 2*j(s) - 3*l(s). What is f(7)?
1
Suppose 2*b - 2*w + 24 = 0, 2*b + 20 = -2*b - 3*w. Let n(a) = 121*a - 35*a - 43*a - 4 - 34*a - 3 + a**2. Determine n(b).
-15
Let r(u) = -2*u + 1. Suppose 0 = 10*a - 49 - 311. Suppose -2*w = -5*w + a. Suppose 11*s - w*s = -1. Determine r(s).
-1
Let r be (66/18 - 3)*(-15)/(-10). Let i(p) = -r + 7 + 6*p + 23. Determine i(-5).
-1
Let w(k) = -86 - 5554*k + 16679*k - 5552*k - 5562*k. Determine w(8).
2
Let l(y) = -y - 3. Let v = 42 + -17. Let q = 19 - v. Let f = 3 + q. What is l(f)?
0
Let b = 2743 + -2741. Let c(h) be the third derivative of h**5/60 - h**4/8 - h**3/3 + 5*h**2. Calculate c(b).
-4
Let p = 167 + -164. Let o(y) = 0 + 4*y**3 - 1 - 7*y**3 + p - 7*y + 2*y**3 + 6*y**2. Give o(5).
-8
Suppose 110*o + 18 = 104*o. Let k(l) = -11*l + 4. Calculate k(o).
37
Let j(u) = 4*u**3 + 13*u**2 - 14*u - 6. Let h(z) = -z**3 - z**2 + z + 1. Suppose 4*q + 2*r = r - 22, 0 = -3*r - 6. Let b(g) = q*h(g) - j(g). Give b(7).
15
Suppose 0 = -6*u + 4*u. Suppose -12*a = -u - 12. Let r(q) = 2*q**2 - 2*q**2 - 1 - 3*q**3 + q**2 + q - 6*q**3. Give r(a).
-8
Let l(i) be the second derivative of 1/3*i**3 - 317*i + 0 - 9/2*i**2. Calculate l(6).
3
Let u = -13 - -18. Let k(r) = -1095*r - 5*r**2 + r**3 - 27 + 25 + 0*r**2 + 1094*r. What is k(u)?
-7
Let z(y) = y + 2. Suppose 0 = h - 3*o - 20, -16*o = -14*o + 4. What is z(h)?
16
Let c(m) = m**3 + 3*m**2 + 3*m - 3. Suppose -5*h + 16 - 81 = x, -2*h = 2*x + 34. Let y = h - -12. Suppose 5 = -3*k - 2*r - y, 7 = k + 5*r. Determine c(k).
-12
Suppose -6 = 5*b - 16. Let l(u) = -9*u - 6*u**2 - 9*u**3 + 8*u**b + 8*u. Calculate l(1).
-8
Let t be (-3 - (-3 + -23)) + 1. Let v(q) = -q**3 + 10*q**2 + 12*q + 22 + t - 48. Give v(11).
9
Let q(c) = 6*c - 13. Let o(p) = -7*p + 13. Let d(u) = 2*o(u) + 3*q(u). Let y(v) = 2*v - 6. Let s(x) = -3*d(x) + 7*y(x). Let a be 4/(-1)*6/6 - -1. Give s(a).
-9
Let k(y) = -4 - 39*y + y**2 - 39*y + 0 + 111*y - 31*y. Let a = 7 - 12. Let x = 2 + a. What is k(x)?
-1
Let q(n) = 10*n**3 - 2*n**2 + 1. Let l = -21 + 29. Suppose 2*v + 2 = 6. Suppose -2*o - 2*k = v*o + l, 7 = -3*o - 2*k. What is q(o)?
-11
Let a(y) = 13*y**2 + y + 7. Let u(w) = 10*w**2 - w + 6. Let j(l) = 3*a(l) - 4*u(l). Calculate j(7).
-3
Let k(b) be the second derivative of -b**5/20 - b**4/4 + b**3/2 + b**2/2 - 73*b. Let l be -5 - (-8)/4 - -4. Suppose 3 = -f - l. Give k(f).
5
Suppose 1540 = 5*a - 5*z, -4*z + 328 = 32*a - 31*a. Let m(i) = 318*i**2 - i**3 - 9*i + 4 - a*i**2 + i. Calculate m(5).
-11
Let s(d) = -14251*d - 37. Let h be s(-2). Let v(o) = 28468*o**3 + 1 - h*o**3 - 2*o**2 + 0 + 2*o + 3*o**2. What is v(-1)?
-3
Let v be 42 - ((-8360)/(-20))/11. Let g(k) = k**3 - 6*k**2 - 5*k + 3. Let u(o) = 3*o**3 - 17*o**2 - 14*o + 8. Let h(m) = 8*g(m) - 3*u(m). Calculate h(v).
-8
Let v be (-36)/(-24) + 45/(-2). Let y = -24 - v. Let g(p) = 11*p - 3. Let o(k) = 32*k - 8. Let r(d) = -17*g(d) + 6*o(d). Calculate r(y).
-12
Suppose -31 = -2*x - 5*z, 55*z - 54*z - 13 = 3*x. Let i(c) = -4*c**2 + c - 1. Let t(h) = -3*h**2 + h - 2. Let q(f) = 4*i(f) - 5*t(f). What is q(x)?
4
Let x(p) be the first derivative of 2*p**3/3 - 7*p**2 + 14*p - 1226. Calculate x(5).
-6
Let r be 9612/(-204) + 4/34. Let k = 54 + r. Let a(p) = -10*p**2 + k*p**2 + 2*p + 4*p**2 + 3*p. What is a(-5)?
0
Let n(r) = 2*r**3 - 28*r**2 + 30*r - 62. Let o(u) = 3*u**3 - 42*u**2 + 45*u - 92. Suppose 0 = -7*h + 11*h + 28. Let j(b) = h*n(b) + 5*o(b). Calculate j(13).
0
Let u(r) = -26*r - 11. Let a(c) = -109*c - 50. Let w(v) = 6*a(v) - 25*u(v). Give w(-5).
-5
Let b be 31/((-341)/(-132)) - (-4 - -9). Let n(w) be the second derivative of 0 + 1/6*w**3 + b*w + 5/2*w**2. What is n(-4)?
1
Let q = 34754 + -34751. Let z(o) be the second derivative of -o**4/12 - o**3/6 + 3*o**2/2 - o. What is z(q)?
-9
Let u(p) = p - 2. Let t(o) = -2 + 3*o + 0*o + 0*o. Let i(a) = 10*a - 6. Let l(w) = -2*i(w) + 7*t(w). Let n(h) = -6*l(h) + 5*u(h). Determine n(3).
-1
Let a(f) = 4*f**2 + f + 2. Let k(q) = 7*q**2 - 15*q - 6. Let p(l) = 2*a(l) - k(l). What is p(-15)?
-20
Let o(m) = -9*m + 1. Let g(u) = u**3 + 5*u**2 - u - 9. Suppose z - 5*z - 20 = 0. Let x be g(z). Let c = 5 + x. Give o(c).
-8
Let c(i) = i**3 - 6*i**2 + 3*i + 5. Suppose -3*g - 2*g = -4*g. Suppose -2*t + 17*t = g. Suppose 2*z + 5*v - 3 = t, 5*z + v - 24 = 5*v. Calculate c(z).
-15
Let o(p) = -2*p**3 - 24*p**2 + 3*p + 28. Let f(t) = 5*t**3 + 54*t**2 - 7*t - 70. Let w(q) = -5*f(q) - 12*o(q). What is w(18)?
-4
Let k(r) = 2*r + 29 + r + 13 - r - 43. Let c = 8 + -5. Give k(c).
5
Suppose 4*f = 4, -v + 0*f = -f - 161. Let j = v - 165. Let d(i) = -i**3 - 4*i**2 - 2*i + 2. What is d(j)?
-1
Suppose -3*a + 41 - 8 = 0. Let s(k) = 4231*k + 43. Let w(y) = -10154*y - 108. Let c(n) = 12*s(n) + 5*w(n). Give c(a).
-2
Let g(l) be the second derivative of -l**4/12 + 17*l**3/3 - 14*l**2 - 5940*l. What is g(34)?
-28
Let x(j) = 12*j - 2. Let i(p) = 7*p + 28. Let y be i(-4). Suppose y*n + n - 4 = 0. Suppose 0 = m + n - 6. Calculate x(m).
22
Let j(p) be the third derivative of 7*p**6/60 + p**5/20 - p**4/24 - p**3/3 - p**2 - 12*p - 6. Give j(-1).
-12
Let g(c) = -c**3 - 5*c**2 - 6*c - 5. Let s be g(-4). Let h(t) = 10 + 0*t + t + 7*t - s*t. Determine h(-3).
-5
Let d(l) be the first derivative of l**2/2 - 6*l - 2. Let p be d(7). Let m(n) be the first derivative of -n**2 - 3983. Calculate m(p).
-2
Let c = -23772 + 23776. Let q(m) be the second derivative of -1/12*m**c + 0*m**2 + 0 + 0*m**3 - 29*m + 3/20*m**5. Calculate q(1).
2
Let n(h) be the third derivative of 1/15*h**5 + 0 + 0*h + 7*h**2 - 1/2*h**3 - 1/4*h**4. Let m(i) = 3*i**2 - 5*i - 3. Let g(x) = 3*m(x) - 2*n(x). What is g(4)?
1
Suppose 18*f + 15 = 51. Let h(r) = 3*r**f - 105 + 53 + 53. What is h(2)?
13
Let m(y) = 55*y + 5*y**2 - y**3 - 4 - 25*y + 0 + 3 - 24*y. Let n = -28 + 31. Suppose c + 3*x = 21, -5*x = 2*c + n*c - 55. Give m(c).
-1
Let u be 2*(16/(-48) + (-247)/(-3)). Let m = 160 - u. Let v(p) = p**2 - p - 4. Determine v(m).
16
Suppose -8 = -z + 23*k - 20*k, -2*z + 3*k - 2 = 0. Let p(s) = s**2 + 15*s + 3. Calculate p(z).
-47
Let d(n) be the first derivative of -3/2*n**2 + n - 227. What is d(-3)?
10
Let h(g) = -2*g**3 - 81*g**2 - 39*g + 36. Let x be (-5)/(9 + (-1136)/128). Calculate h(x).
-4
Let p(u) = -26*u**2 - 59*u - u**3 - 48 + 19*u + 2*u**2 - 6*u. What is p(-22)?
-4
Let m(g) = -g**2 + 3. Let i(y) = -28*y + 224. Let c be i(8). Calculate m(c).
3
Let i = 16 - 10. Let j(u) = -44 - 16*u + 2*u**2 - 25 + 223 - 102 - 31. What is j(i)?
-3
Let h(r) = 2*r**2 + 17*r - 27. Let u = 22311 + -22323. Determine h(u).
57
Let f(i) = -180*i + 1825. Let v(t) = 15*t - 154. Let m(w) = 6*f(w) + 70*v(w). Calculate m(6).
-10
Let k(o) be the first derivative of o + 2*o**2 - 1/3*o**3 + 1. Let d(r) = r**3 - 28*r**2 + 56*r + 480. Let p be d(25). Calculate k(p).
-4
Let n(d) be the second derivative of -d**4/24 - 4*d**3/3 - 16*d**2 + 2*d + 2. Let u(z) be the first derivative of n(z). What is u(-4)?
-4
Let u be (-1)/(2/(12/(-2))). Suppose z + 11*z - 168 = 0. Let j(r) = 7 - r - r + 8 - z. Calculate j(u).
-5
Let d(w) be the third derivative of 2*w**4/3 + 133*w**3/6 + w**2 + 608*w. What is d(-8)?
5
Let q(f) be the first derivative of -f**5/60 - f**4/6 + f**3/3 + 27*f**2/2 - 